9375?
5
What is the millions digit of 52706381?
2
What is the units digit of 22264457?
7
What is the tens digit of 178092498?
9
What is the millions digit of 904779468?
4
What is the hundreds digit of 503784599?
5
What is the billions digit of 3360375023?
3
What is the thousands digit of 2319636532?
6
What is the thousands digit of 1434938453?
8
What is the units digit of 1745711869?
9
What is the ten thousands digit of 70635704?
3
What is the millions digit of 9638395?
9
What is the tens digit of 10817764?
6
What is the tens digit of 180969590?
9
What is the hundreds digit of 1489298225?
2
What is the ten millions digit of 895818449?
9
What is the hundreds digit of 451237?
2
What is the ten millions digit of 192358809?
9
What is the billions digit of 2788315875?
2
What is the millions digit of 3053060612?
3
What is the tens digit of 187780823?
2
What is the units digit of 1778866711?
1
What is the hundred thousands digit of 386367391?
3
What is the hundred thousands digit of 1261091037?
0
What is the billions digit of 1560464403?
1
What is the ten millions digit of 1481227364?
8
What is the tens digit of 797805934?
3
What is the ten millions digit of 1948219945?
4
What is the millions digit of 303316775?
3
What is the hundred thousands digit of 118071767?
0
What is the units digit of 189404434?
4
What is the hundreds digit of 420383542?
5
What is the ten thousands digit of 2486255076?
5
What is the thousands digit of 8832500?
2
What is the tens digit of 4053797985?
8
What is the thousands digit of 58728055?
8
What is the thousands digit of 2192152444?
2
What is the ten thousands digit of 2401899975?
9
What is the ten thousands digit of 70847995?
4
What is the units digit of 57631754?
4
What is the hundred thousands digit of 284672996?
6
What is the ten thousands digit of 965147876?
4
What is the hundred millions digit of 382225986?
3
What is the hundred millions digit of 1099442552?
0
What is the tens digit of 4420190560?
6
What is the hundred thousands digit of 1765742695?
7
What is the millions digit of 135783936?
5
What is the ten thousands digit of 439698555?
9
What is the hundreds digit of 2807634799?
7
What is the hundred thousands digit of 467740498?
7
What is the ten millions digit of 4164157923?
6
What is the units digit of 40471800?
0
What is the hundred thousands digit of 101053801?
0
What is the ten millions digit of 195568072?
9
What is the ten thousands digit of 308824369?
2
What is the ten thousands digit of 811827186?
2
What is the tens digit of 735005909?
0
What is the units digit of 1951828533?
3
What is the ten thousands digit of 8321123?
2
What is the units digit of 308280782?
2
What is the hundred thousands digit of 64093240?
0
What is the millions digit of 4227588435?
7
What is the hundred millions digit of 421895378?
4
What is the thousands digit of 483597825?
7
What is the ten millions digit of 197140992?
9
What is the units digit of 18958834?
4
What is the thousands digit of 16888293?
8
What is the units digit of 642505662?
2
What is the ten millions digit of 271354548?
7
What is the hundred thousands digit of 20124583?
1
What is the hundred thousands digit of 65613926?
6
What is the ten thousands digit of 3400439063?
3
What is the units digit of 90765128?
8
What is the units digit of 994206950?
0
What is the hundred millions digit of 695182624?
6
What is the thousands digit of 1661432370?
2
What is the hundred thousands digit of 37574695?
5
What is the tens digit of 5343092339?
3
What is the units digit of 385221248?
8
What is the hundreds digit of 3425849874?
8
What is the units digit of 94403849?
9
What is the tens digit of 119158904?
0
What is the ten thousands digit of 121841857?
4
What is the ten thousands digit of 9944978?
4
What is the ten thousands digit of 5420867049?
6
What is the millions digit of 511639160?
1
What is the millions digit of 7650176786?
0
What is the hundreds digit of 86228907?
9
What is the thousands digit of 2785232?
5
What is the ten millions digit of 163161031?
6
What is the millions digit of 53449542?
3
What is the tens digit of 635431055?
5
What is the hundreds digit of 5391450856?
8
What is the hundred thousands digit of 6155503889?
5
What is the thousands digit of 215795577?
5
What is the tens digit of 103352049?
4
What is the millions digit of 108238797?
8
What is the hundred thousands digit of 180954888?
9
What is the hundred thousands digit of 2429333875?
3
What is the ten thousands digit of 357144447?
4
What is the thousands digit of 102265540?
5
What is the tens digit of 477642519?
1
What is the millions digit of 62361849?
2
What is the ten millions digit of 1194661336?
9
What is the tens digit of 13458022?
2
What is the ten millions digit of 163515861?
6
What is the millions digit of 83974893?
3
What is the millions digit of 2311974345?
1
What is the ten thousands digit of 82297554?
9
What is the ten millions digit of 152588028?
5
What is the hundred thousands digit of 979787043?
7
What is the units digit of 2382114620?
0
What is the hundreds digit of 674485329?
3
What is the ten thousands digit of 89464672?
6
What is the hundreds digit of 56509936?
9
What is the units digit of 753015058?
8
What is the ten thousands digit of 108097072?
9
What is the hundreds digit of 11485710?
7
What is the hundred millions digit of 902201461?
9
What is the tens digit of 51379806?
0
What is the billions digit of 4131592064?
4
What is the millions digit of 299685524?
9
What is the ten millions digit of 147192378?
4
What is the ten millions digit of 574705426?
7
What is the millions digit of 387357294?
7
What is the tens digit of 126578442?
4
What is the ten thousands digit of 99718835?
1
What is the tens digit of 2175652007?
0
What is the hundreds digit of 50717650?
6
What is the units digit of 788972958?
8
What is the units digit of 203018262?
2
What is the ten millions digit of 259183096?
5
What is the tens digit of 4681980?
8
What is the thousands digit of 68797326?
7
What is the hundred thousands digit of 1108645972?
6
What is the hundreds digit of 578950218?
2
What is the ten thousands digit of 4723256?
2
What is the hundred millions digit of 1891437369?
8
What is the hundred millions digit of 133882549?
1
What is the tens digit of 113185666?
6
What is the thousands digit of 447933431?
3
What is the thousands digit of 64279032?
9
What is the hundred thousands digit of 381856269?
8
What is the hundreds digit of 607343451?
4
What is the thousands digit of 433424944?
4
What is the hundred thousands digit of 1914727333?
7
What is the hundred thousands digit of 836731194?
7
What is the thousands digit of 482967395?
7
What is the thousands digit of 403740373?
0
What is the units digit of 103800877?
7
What is the millions digit of 107534785?
7
What is the millions digit of 8571309?
8
What is the ten thousands digit of 58548256?
4
What is the units digit of 829862?
2
What is the ten millions digit of 40656013?
4
What is the hundred thousands digit of 807331?
8
What is the millions digit of 89354876?
9
What is the ten thousands digit of 218694885?
9
What is the ten thousands digit of 289630786?
3
What is the hundred millions digit of 1630845196?
6
What is the units digit of 1325840940?
0
What is the hundred millions digit of 263126941?
2
What is the millions digit of 2090444258?
0
What is the ten millions digit of 1546291282?
4
What is the ten millions digit of 886304433?
8
What is the hundred millions digit of 2074294775?
0
What is the millions digit of 2207987686?
7
What is the tens digit of 941151976?
7
What is the ten thousands digit of 6064319977?
1
What is the billions digit of 1542183192?
1
What is the hundreds digit of 240378089?
0
What is the millions digit of 135276734?
5
What is the units digit of 46338076?
6
What is the thousands digit of 332652929?
2
What is the millions digit of 50147547?
0
What is the hundreds digit of 756711018?
0
What is the hundred thousands digit of 190716197?
7
What is the millions digit of 912708577?
2
What is the ten thousands digit of 1937577?
3
What is the hundreds digit of 63791181?
1
What is the tens digit of 661043469?
6
What is the hundred thousands digit of 200875982?
8
What is the hundred millions digit of 240688226?
2
What is the thousands digit o